late the remainder when 1455 is divided by 52.
51
What is the remainder when 137967 is divided by 901?
114
Calculate the remainder when 618 is divided by 24.
18
What is the remainder when 110156 is divided by 240?
236
Calculate the remainder when 4978 is divided by 709.
15
Calculate the remainder when 4110 is divided by 67.
23
Calculate the remainder when 868 is divided by 615.
253
Calculate the remainder when 29003 is divided by 163.
152
Calculate the remainder when 3732 is divided by 913.
80
Calculate the remainder when 2118396 is divided by 100.
96
What is the remainder when 78106 is divided by 155?
141
What is the remainder when 1177350 is divided by 787?
785
Calculate the remainder when 106928 is divided by 134.
130
What is the remainder when 2634 is divided by 151?
67
What is the remainder when 20986 is divided by 6207?
2365
Calculate the remainder when 44980 is divided by 141.
1
Calculate the remainder when 493 is divided by 116.
29
What is the remainder when 17495 is divided by 19?
15
Calculate the remainder when 38901 is divided by 447.
12
Calculate the remainder when 5061 is divided by 18.
3
What is the remainder when 446231 is divided by 111556?
7
What is the remainder when 108437 is divided by 4?
1
Calculate the remainder when 3452 is divided by 1150.
2
Calculate the remainder when 57088 is divided by 1164.
52
Calculate the remainder when 537458 is divided by 39.
38
What is the remainder when 4227 is divided by 30?
27
Calculate the remainder when 6816 is divided by 19.
14
Calculate the remainder when 582097 is divided by 11.
10
Calculate the remainder when 94459 is divided by 67.
56
What is the remainder when 4488 is divided by 490?
78
What is the remainder when 7876 is divided by 7828?
48
What is the remainder when 23052 is divided by 171?
138
What is the remainder when 122738 is divided by 30678?
26
Calculate the remainder when 15417 is divided by 186.
165
Calculate the remainder when 165120 is divided by 108.
96
Calculate the remainder when 60545 is divided by 2017.
35
What is the remainder when 4989 is divided by 36?
21
Calculate the remainder when 566931 is divided by 20997.
12
Calculate the remainder when 55470 is divided by 1848.
30
Calculate the remainder when 24472 is divided by 12.
4
Calculate the remainder when 41860 is divided by 16.
4
What is the remainder when 28238 is divided by 12?
2
Calculate the remainder when 6185 is divided by 112.
25
What is the remainder when 86215 is divided by 233?
5
Calculate the remainder when 50432 is divided by 252.
32
Calculate the remainder when 10269 is divided by 22.
17
Calculate the remainder when 103287 is divided by 65.
2
What is the remainder when 282294 is divided by 505?
504
Calculate the remainder when 5942 is divided by 38.
14
What is the remainder when 3488 is divided by 208?
160
What is the remainder when 2904 is divided by 434?
300
What is the remainder when 62117 is divided by 20703?
8
What is the remainder when 80431 is divided by 1711?
14
Calculate the remainder when 776 is divided by 5.
1
What is the remainder when 24189 is divided by 21?
18
What is the remainder when 1315 is divided by 272?
227
Calculate the remainder when 33945 is divided by 27.
6
Calculate the remainder when 116100 is divided by 173.
17
What is the remainder when 2877 is divided by 20?
17
What is the remainder when 29371 is divided by 3662?
75
What is the remainder when 3252 is divided by 326?
318
What is the remainder when 38645 is divided by 6353?
527
What is the remainder when 2934 is divided by 209?
8
Calculate the remainder when 27159 is divided by 5430.
9
Calculate the remainder when 52408 is divided by 235.
3
What is the remainder when 1364326 is divided by 27?
16
Calculate the remainder when 2300 is divided by 465.
440
Calculate the remainder when 247986 is divided by 252.
18
Calculate the remainder when 43005 is divided by 5374.
13
What is the remainder when 414046 is divided by 28?
10
Calculate the remainder when 1788 is divided by 74.
12
Calculate the remainder when 2181 is divided by 225.
156
What is the remainder when 15971 is divided by 173?
55
Calculate the remainder when 37575 is divided by 94.
69
Calculate the remainder when 84650 is divided by 2.
0
What is the remainder when 1167 is divided by 29?
7
Calculate the remainder when 88529 is divided by 10.
9
Calculate the remainder when 24609 is divided by 15.
9
Calculate the remainder when 3505 is divided by 121.
117
Calculate the remainder when 15622 is divided by 680.
662
Calculate the remainder when 2274 is divided by 779.
716
What is the remainder when 30137 is divided by 7317?
869
What is the remainder when 3726 is divided by 1206?
108
Calculate the remainder when 6406 is divided by 110.
26
What is the remainder when 244021 is divided by 17?
3
Calculate the remainder when 21815 is divided by 1556.
31
What is the remainder when 7777 is divided by 2571?
64
What is the remainder when 4024 is divided by 1998?
28
Calculate the remainder when 2815128 is divided by 34.
30
What is the remainder when 410 is divided by 68?
2
Calculate the remainder when 6558616 is divided by 1003.
1002
Calculate the remainder when 59732 is divided by 41.
36
What is the remainder when 13913 is divided by 1700?
313
Calculate the remainder when 72743 is divided by 8042.
365
Calculate the remainder when 19419 is divided by 25.
19
What is the remainder when 5291 is divided by 728?
195
What is the remainder when 873 is divided by 38?
37
Calculate the remainder when 61558 is divided by 4396.
14
What is the remainder when 38783 is divided by 41?
38
What is the remainder when 425892 is divided by 31?
14
What is the remainder when 314708 is divided by 604?
24
Calculate the remainder when 1172493 is divided by 18.
9
Calculate the remainder when 6694 is divided by 27.
25
What is the remainder when 72986 is divided by 4561?
10
What is the remainder when 83550 is divided by 40?
30
What is the remainder when 9984 is divided by 9959?
25
What is the remainder when 7780 is divided by 3890?
0
What is the remainder when 8631 is divided by 508?
503
Calculate the remainder when 10254 is divided by 1460.
34
What is the remainder when 86337 is divided by 1350?
1287
What is the remainder when 71331 is divided by 18?
15
What is the remainder when 36138 is divided by 2133?
2010
What is the remainder when 1230191 is divided by 48?
47
What is the remainder when 130320 is divided by 517?
36
Calculate the remainder when 2789 is divided by 1364.
61
Calculate the remainder when 4917 is divided by 447.
0
What is the remainder when 8998 is divided by 142?
52
What is the remainder when 16387 is divided by 34?
33
What is the remainder when 15260 is divided by 72?
68
What is the remainder when 171833 is divided by 302?
297
What is the remainder when 4072 is divided by 1268?
268
Calculate the remainder when 3916 is divided by 9.
1
Calculate the remainder when 153376 is divided by 106.
100
What is the remainder when 9208 is divided by 154?
122
Calculate the remainder when 676474 is divided by 43.
41
Calculate the remainder when 2675 is divided by 1310.
55
What is the remainder when 2926 is divided by 1864?
1062
What is the remainder when 116782 is divided by 48?
46
Calculate the remainder when 92391 is divided by 10264.
15
What is the remainder when 130 is divided by 120?
10
Calculate the remainder when 5161 is divided by 1030.
11
Calculate the remainder when 25131 is divided by 41.
39
What is the remainder when 31750 is divided by 24?
22
What is the remainder when 201969 is divided by 10?
9
What is the remainder when 44433 is divided by 2115?
18
What is the remainder when 427357 is divided by 3?
1
What is the remainder when 54430 is divided by 5?
0
What is the remainder when 12652 is divided by 12643?
9
Calculate the remainder when 5404 is divided by 93.
10
What is the remainder when 21628 is divided by 36?
28
What is the remainder when 6402 is divided by 206?
16
Calculate the remainder when 48430 is divided by 59.
50
What is the remainder when 11609 is divided by 18?
17
Calculate the remainder when 13463 is divided by 408.
407
What is the remainder when 12183 is divided by 5757?
669
What is the remainder when 704997 is divided by 7421?
2
Calculate the remainder when 2528 is divided by 50.
